) = 3*j**2 + 2*j + 2. Let i(g) = g**2 - g. Suppose u - 6 = -2*u + 3*t, -24 = -4*u - 4*t. Let c(k) = u*i(k) - m(k). What are the prime factors of c(-6)?
2, 5, 7
List the prime factors of 3 - 4 - (10 - (8671 + -4)).
2, 541
Suppose -12*z - 1807 = -1831. Suppose 0*c + c - 3 = 0. Suppose -c*w + 2*i = -120 - 127, -5*w - z*i = -417. List the prime factors of w.
83
Let n be (-18)/8*2/6*116. Let i be -2 + 1/(-2 - 1)*n. Suppose 5*b = k - i, -5*b = -4*k + 95 + 58. What are the prime factors of k?
2, 3, 7
Let p be (4*(-3)/(-42))/((-5)/(-35)). Suppose 0 = -5*x + x + 32. List the prime factors of (-2360)/(-32) + p/x.
2, 37
Let k(f) = -11*f**3 - 7*f**2 - 114*f - 77. What are the prime factors of k(-17)?
53881
Suppose 2*o - 6*o - 30 = -3*m, 4*m + 3*o - 15 = 0. What are the prime factors of ((-40)/30)/((1/m)/(-1))?
2
Let p(k) = k**3 + 9*k**2 + 9*k + 10. Let i be p(-8). Suppose -i*o - 509 + 59 = 0. What are the prime factors of ((-1)/1 - -25)*o/(-60)?
2, 3, 5
Let c(g) = 2*g**2 - 4. Let a be c(-2). Suppose -a*m - 5*f = 7, 5*m - 1 = -f - 15. List the prime factors of m/((15/99)/(-5)).
3, 11
Let k = -8682 - -14479. List the prime factors of k.
11, 17, 31
Suppose -4*p - 206*d + 210*d + 71308 = 0, 2*d + 17828 = p. List the prime factors of p.
2, 3, 2971
Let u be (-24)/(-7) + 3/(-7). Let l(t) = -t + 31. Let x be l(-14). Suppose 2*j + x = u*j. What are the prime factors of j?
3, 5
What are the prime factors of (-19)/(-76) + 63393/12?
3, 587
Let r = -67 + 72. Suppose -3*c = -4*c + 2, 3*y = -r*c + 40. Let p(z) = -z**2 + 15*z - 6. List the prime factors of p(y).
2, 11
Suppose 5*c - 138*u + 143*u - 54265 = 0, -5*c - 8*u = -54250. What are the prime factors of c?
2, 61, 89
Let c(k) = 41*k**3 + 12*k**2 - 24*k + 12. List the prime factors of c(7).
5, 13, 223
Let a be 4/(4 - (-8)/(-3)). Suppose -a*m - 1238 = -2*g, 11*g - 6*g - 2*m = 3106. List the prime factors of g.
2, 311
Let v(r) = r**3 + 127*r**2 + 355*r - 568. What are the prime factors of v(-124)?
2, 5, 7, 11
Suppose 24571 = 22*y - 60129. Suppose -2*v - 3*c = -666 - 899, -y = -5*v + 5*c. List the prime factors of v.
5, 31
Let g = -574 + 952. Let n be -205 + 1/(0 + 4/(-8)). Let c = g + n. What are the prime factors of c?
3, 19
Let i(c) = -2*c**3 + 2*c**2 - 5. Let j = -3 - -7. Let m be i(j). Let p = -48 - m. What are the prime factors of p?
53
Let h = 181 + -177. Suppose -u - 1374 = -h*o, -297 = -2*o + u + 391. What are the prime factors of o?
7
Suppose 0 = 6*l - 11*l + 585. Let f(v) = -2*v**2 - v. Let u be f(0). What are the prime factors of l + 9 - (4 - u)?
2, 61
Let o(c) = c**2 - 14*c - 6. Let j be (-5)/(4 - (2 + 4) - -3). Let n = 16 - j. List the prime factors of o(n).
3, 47
Let f = 179 - 176. Suppose 0 = f*u + 58 - 502. List the prime factors of u.
2, 37
Suppose 14*n - 27 = 57. Suppose 4*w + 164 = n*w - 2*p, 0 = -2*w - p + 179. What are the prime factors of w?
3, 29
Let l(z) = 58*z**2 - 14*z + 24. Let w be l(-7). Suppose w = 6*y + 13*y. List the prime factors of y.
2, 3, 13
Let m be (-10)/(-4)*20/25. What are the prime factors of (-1265)/m*(1 - (-66)/(-30))?
3, 11, 23
Suppose -7*c + 1642 = 1593. Let j(g) = 108*g + 155. List the prime factors of j(c).
911
Let g(v) = -188*v**3 + 2*v**2 - v - 1. Let s = 328 + -329. What are the prime factors of g(s)?
2, 5, 19
Let k(m) = 1170*m + 25. Let h be k(-3). Let b be (6/(-27))/1 + h/(-9). Suppose -f = 2*x - 258, -x - 3*f = 2*x - b. What are the prime factors of x?
3, 43
Let y(g) = -343*g - 10. Let m be y(-18). Let p be (m/(-6))/(-2) + (-58)/87. Let k = -338 + p. What are the prime factors of k?
5, 7
Suppose -p = -1423 + 333. Suppose -6*w + 8*w - p = 0. What are the prime factors of w?
5, 109
Let k = 378 - 53. What are the prime factors of k - ((-2)/(-3))/(6/27)?
2, 7, 23
Let t = 78 + -85. Let w(p) = -p - 3. Let f be w(t). Suppose 4*r = f*u - 608, 6*u + 2*r - 471 = 3*u. What are the prime factors of u?
5, 31
Suppose -4*p - 4*n + 376 = 0, -3*p = -0*n - 4*n - 261. Let z = p + -28. List the prime factors of z.
3, 7
Suppose -6814 - 30306 = -5*p - 5*s, -2*p - 5*s = -14845. What are the prime factors of p?
3, 5, 11
Let h(k) be the second derivative of 25*k**3/6 + 13*k**2/2 - 5*k. Let x be h(-9). Let z = -126 - x. List the prime factors of z.
2, 43
Suppose c - 19 = -a, -4*c - 3*a - 11 + 90 = 0. List the prime factors of c/(1 - 1 - 25/(-1100)).
2, 11
Let n(i) = 4*i**2 + i - 4. Let d be n(6). Let y(u) = u**2 + 24*u + 32. Let m be y(-16). Let q = m + d. What are the prime factors of q?
2, 5
Suppose 0 = -75*w + 34588 + 57062. What are the prime factors of w?
2, 13, 47
Suppose 6*c = 9*c + 9. What are the prime factors of c/(-3)*(6 + -4) + 1?
3
Let b(i) = 2201*i**2 + 109*i - 337. List the prime factors of b(3).
13, 1523
Let p = -1106 - -621. Suppose -2*x = -3*x - 3. List the prime factors of (0 - x) + p/(-5).
2, 5
Let d(j) = -2*j**2 - 26*j + 14. Let h be d(-14). Let l(k) = k**3 + 16*k**2 - 13*k + 12. List the prime factors of l(h).
2, 293
List the prime factors of 11261718/936 + 18/8.
2, 11, 547
Let d(j) = 63*j - 19. Let s be d(29). Suppose 0 = -9*n + s + 604. What are the prime factors of n?
2, 67
Suppose -5*j + 15*j = 9097 + 9493. List the prime factors of j.
11, 13
Let c = 21234 - 4536. List the prime factors of c.
2, 3, 11, 23
Let a = -6129 - -12051. What are the prime factors of a?
2, 3, 7, 47
Let u = 850 + -846. Let c = -197 - -395. Suppose 0 = u*g - 3*p - p - 192, -2*p + c = 4*g. List the prime factors of g.
7
Suppose 2866 = -3*l + 9250. What are the prime factors of l?
2, 7, 19
Let m(f) = 147*f**3 + 27*f**2 + 11. What are the prime factors of m(4)?
9851
Suppose 0 = -4*q + 416 + 104. Suppose -z = -2*o + 53, 2*o + q = -2*z - 0*o. Let x = 188 + z. List the prime factors of x.
127
Suppose 5*k = 2103 + 147. Let v = -45 + 49. Suppose -q + k = v*q. List the prime factors of q.
2, 3, 5
Let v be 5 - (3 - 0/(-3)). Let m be (-1)/(((-2)/(-3))/v) - -2. What are the prime factors of m/(1 + 48/(-47) + 0)?
47
Suppose r + 0 = -3. What are the prime factors of r - 1318/(-6) - 9/(-27)?
7, 31
Let m(c) be the third derivative of c**5/12 + 23*c**4/24 - 5*c**3/6 + 22*c**2. Let t be m(-10). Let g = t - 75. What are the prime factors of g?
2, 5, 19
Let f = 572 - 1092. Let i = 1438 + f. What are the prime factors of i?
2, 3, 17
Let g(d) = d**3 - 20*d + 23181. List the prime factors of g(0).
3, 7727
Suppose 10 = 9*m - 8. Suppose 2*f - 4*p = -2*p + 150, 3*p = -m*f + 170. List the prime factors of f.
79
Let u = -53747 - -91369. List the prime factors of u.
2, 13, 1447
Suppose -4345 - 77583 = -14*a. What are the prime factors of a?
2, 7, 11, 19
Let o(j) = -83*j**3 - 11*j**2 - 7*j - 8. Let i(w) = -84*w**3 - 9*w**2 - 6*w - 7. Let u(p) = -6*i(p) + 5*o(p). List the prime factors of u(1).
7, 13
Let z(m) = -61*m + 1840. List the prime factors of z(-110).
2, 3, 5, 19
Suppose -95 = -2*l - 3*g, -4*l - 5*g + 180 = -g. Suppose -42*p = -l*p - 24. What are the prime factors of p?
2, 3
Suppose -5*x = -5*g + 71680, -2*g - 2*x = 14616 - 43276. List the prime factors of g.
11, 1303
Let s(o) = -o**3 - 4*o**2 - 7*o - 7. Let p be s(-3). Let k be -6*-10*(-3)/(-36). Suppose 4*g + 5*z = k + 33, 5*z = p*g - 25. List the prime factors of g.
7
Suppose g - 1554 = v, 3*g - 4*v = 3080 + 1581. Let t = 2719 - g. What are the prime factors of t?
2, 3, 97
Suppose 3*w - 13 - 2 = -3*f, 2*w - 2*f = 14. Suppose -12*d = -w*d + 24. List the prime factors of 3 - ((-57)/9)/(d/(-12)).
2, 11
Let b(h) = -h**3 + 6*h**2 + 22*h + 9. Let l be b(8). Suppose -36 + l = -3*i. Let m = 24 - i. List the prime factors of m.
31
Let x(v) = -v**3 + 24*v**2 - v + 29. Let r be x(24). Suppose -r*s - 4*h = -1750, -2*s + 565 + 128 = 3*h. What are the prime factors of s?
2, 3, 59
Suppose -532 + 552 = 10*b. Suppose -2*p = -b*c - 1486, 4*p + 5*c - 3*c - 2984 = 0. What are the prime factors of p?
5, 149
Suppose 470670 = 16*n + 71*n. What are the prime factors of n?
2, 5, 541
Let i(j) = 220*j**3 - 11*j**2 + 114*j - 14. What are the prime factors of i(7)?
3, 5, 7, 103
Suppose -4*m + 32643 = 3*u - 20383, -u = m - 17674. List the prime factors of u.
2, 3, 5, 19, 31
Let w(t) = 11*t + 58. Let o = -192 + 195. What are the prime factors of w(o)?
7, 13
Suppose 51*j - 6028638 = -159*j + 618072. List the prime factors of j.
31, 1021
Let i(p) = 101*p**2 - 167*p - 86. What are the prime fa